uppose 3*b + 172 = a*b. What is the tens digit of b?
4
Let i(z) = -36*z**2 - z - 1. Let h be i(-1). Let b = h - -18. Let v = b + 115. What is the units digit of v?
7
Suppose 2*m - 4*k - 22 = 0, m + 2*k - k - 5 = 0. Suppose m*r - 10*r + 2388 = 4*f, 2*r = -4*f + 1588. What is the tens digit of r?
0
Let w(f) = 435*f**2 - 94*f + 485. What is the thousands digit of w(5)?
0
Suppose -14*o = -19*o - 26410. What is the tens digit of o/(-7) - (-9 - 480/(-56))?
5
Let n = 10914 + -2660. What is the hundreds digit of n?
2
Suppose -1065 = -10*n + 5*n. Let u be (4*(-6)/(-36))/(1/483). Let i = u - n. What is the hundreds digit of i?
1
What is the thousands digit of ((-219)/(1/1))/(95/(-15675))?
6
What is the ten thousands digit of (-2883034)/(-97) + 0 + 1 + -7?
2
Suppose -2*j - 32932 + 11208 = 0. Let l be j/(-10) - (-10)/(-50). Suppose t = -5*t + l. What is the hundreds digit of t?
1
Suppose 4*c = -5*q - 0*q - 13, -c + 5*q + 28 = 0. Let p(j) = 40*j**2 + 11*j - 9. What is the hundreds digit of p(c)?
3
Let u = 27 - 15. What is the tens digit of (u/(-9) - (-3514)/21)/2?
8
Let l(k) = 0*k - 7*k + 5 + 2*k. Suppose -43*h = -8 + 180. What is the tens digit of l(h)?
2
Suppose -3*a + 2*a + 6 = 0. Let m be 6*-74*3/a. Let w = 340 + m. What is the hundreds digit of w?
1
Let y = 800 - 399. Let z = 713 - y. What is the units digit of z?
2
Let c = -493 - -480. What is the tens digit of 76 + 6 + (c - -6)?
7
Suppose -u = -3*d - 3, -2*u + 4*d - d + 9 = 0. Suppose 0 = -4*b + c + 842, u = 3*c - 0. What is the tens digit of b?
1
Suppose 2*m - 3502 = -4*j, 2*j - j = -2*m + 883. Suppose 6*y + j = 10215. What is the tens digit of y?
5
Suppose -2*b + 16672 = 3*g, -16696 = -3*g + 12*b - 8*b. What is the hundreds digit of g?
5
Let b = 70 + -68. Suppose -3*v - 75 = b*c, 40 = -5*c + 3*c + 4*v. Let w = 158 + c. What is the tens digit of w?
2
Suppose 125*v = 238*v - 3037892. What is the ten thousands digit of v?
2
Suppose 5*u - u - 19 = -r, 0 = -3*r + 9. Suppose -3*q = 3*d - 1338, 19 - u = 5*d. What is the tens digit of q?
4
Let r = -16981 - -35551. What is the hundreds digit of r?
5
Let q = 128 - 129. What is the units digit of 15568/98 + q/(-7)?
9
Let h(r) = -7*r - 149. Let o be h(-20). Let v(s) = -s**3 + 2*s**2 - 6*s - 22. What is the tens digit of v(o)?
2
Let i(y) = 126*y - 7. Let k be i(4). Let h be 4/16 + k/(-4). Let u = h - -217. What is the tens digit of u?
9
Suppose -2*m + 27*i = 30*i - 41587, 4*m = -2*i + 83194. What is the units digit of m?
1
Let b = -9019 + 9219. What is the tens digit of b?
0
What is the hundreds digit of (-236302)/(-25) + 15/9 + (-1834)/1050?
4
Suppose 148 + 37 = o. Let s = o + -77. Suppose 2*g - 50 = s. What is the units digit of g?
9
Let u(c) = c**2 + 12*c - 1. Suppose -7 = -3*y - 4*l + 27, -y - 4*l = -14. What is the tens digit of u(y)?
1
Let d(c) = 33*c + 74. Let x be d(-2). Let g(k) = 2*k**3 - 17*k - 8. What is the tens digit of g(x)?
8
What is the thousands digit of (2/(-6))/((12/(-393858))/2)?
1
What is the units digit of (24 + 286/(-13))*39834/4?
7
Let u(h) = -h**2 - h + 1. Let w(i) = 2*i**3 + 6*i**2 + 4*i + 10. Let d(m) = 10*u(m) - w(m). Let k be d(-11). What is the tens digit of k/11 + (-3 - 0)?
7
Let w(o) = -o**3 + 22*o**2 - 29*o - 7. Let y be w(17). Suppose -26*g + 2835 = -23*g + 2*i, -y = -g - 3*i. What is the hundreds digit of g?
9
Let s(k) = 108*k**2 + 73*k + 9. What is the tens digit of s(8)?
0
Suppose -4*h = -5*h - 4. Let j(v) = -v**3 + 2*v - 5. Let k be j(h). What is the units digit of k + -2 + (12 - 2)/2?
4
Suppose -361444 = 892*p - 1001*p. What is the hundreds digit of p?
3
Let v be (2 - -149) + (9 - (8 + 1)). Suppose -5*x - 5*y + v = -1089, 5*x - 1200 = 3*y. What is the units digit of x?
3
What is the hundreds digit of (275736/16)/(2/4)?
4
Let r = 91 + -87. Suppose 0 = r*l - 3*c - 2*c - 40, 2*l - 6 = -c. Suppose 162 + 128 = l*a. What is the units digit of a?
8
Suppose -u + 25526 = 4*q - 21530, 0 = 4*u - 4*q - 188364. What is the tens digit of u?
8
Let q be (30/12)/5*0. Suppose -6*t - 92 - 40 = q. Let r(l) = -14*l - 35. What is the tens digit of r(t)?
7
Suppose 8 = -13*y + 17*y. Suppose 0 = -3*d + y*f + 38, -5*f - 3 - 20 = -3*d. Let b = d - -25. What is the units digit of b?
1
Let w be 982 + (-3 + -1 - -3)*-2. Suppose 4*n - 986 = -o - 0*o, 0 = -4*n - 2*o + w. Let l = n - 111. What is the hundreds digit of l?
1
Let j = 235 + -231. Suppose j*c = 2*l + 1130, -8*c = -7*c + l - 284. What is the hundreds digit of c?
2
Suppose -7*x = 3*i - 3*x - 2*x - 61146, 0 = -4*x. What is the ten thousands digit of i?
2
Let q be (8/(-10))/((-8)/20). Let d be (6 - 1)*(-160)/400. What is the units digit of ((-31)/q)/1*d?
1
Suppose -92037 + 249396 = 22*y - 534783. What is the hundreds digit of y?
4
Let a = 133 + -130. Let z(g) = g**a - 8*g**2 + 0*g**3 - 12*g - g**3 + 12 - g**3. What is the tens digit of z(-6)?
1
Let b = -19 - -119. Suppose -b + 3043 = 9*l. Suppose 5*j - 263 - l = 0. What is the tens digit of j?
1
Suppose -8*b = -53287 - 9443 - 21318. What is the thousands digit of b?
0
Let d = -245 - -3311. Suppose 0 = 5*j + 20*l - 21*l - 5122, -3*l = 3*j - d. What is the units digit of j?
4
Let d(u) = 4889*u**2 - 161*u + 321. What is the tens digit of d(2)?
5
Suppose 27*j + 2079924 = 102*j + 47874. What is the thousands digit of j?
7
Suppose -25 = 5*k, 0*d + 3*k + 15 = 2*d. Let y(f) = -5*f + 264. What is the hundreds digit of y(d)?
2
Suppose -4192*y + 4063*y = -3001701. What is the hundreds digit of y?
2
What is the units digit of -1*(-939)/(-9)*-363?
3
Suppose g - 14 = s - 4*s, -2*s + 31 = 5*g. Suppose -5*d = -s*i + 358, 7*i - 2*i = 3*d + 570. What is the hundreds digit of i?
1
Suppose 5 = m + 8. What is the hundreds digit of (1 - (9/m)/(-3)) + 559?
5
Let t = -7874 - -14881. What is the units digit of t?
7
Suppose -212*b + 537372 = -200*b. What is the hundreds digit of b?
7
Suppose -936 = -c - 4*w + 287, 4*w - 4 = 0. Let f = c - 278. Suppose -12*u - 5*p = -8*u - f, -u + 238 = 4*p. What is the units digit of u?
4
Suppose 0*v = -10*v + 20*v - 63860. What is the tens digit of v?
8
Suppose -l - 4*v = -10, 7*l = 6*l - 5*v + 7. Suppose z + 0*z - l = 0. What is the hundreds digit of 684/(-19)*z/(-4)?
1
Let p(s) be the second derivative of 7*s**6/720 + 7*s**5/60 - s**4/12 + 6*s. Let q(n) be the third derivative of p(n). What is the units digit of q(11)?
1
Let h be 1*((-7)/5 + (-9)/15). Let p(u) = 7 - 3 + 5*u + 4 - 23*u. What is the tens digit of p(h)?
4
Suppose 0 = -24*r + 60163 - 4891. What is the hundreds digit of r?
3
Suppose 4*r = 12, 3*s - 564 = 8*r - 11*r. Suppose 5*k = 6*k - s. What is the hundreds digit of k?
1
Let i = 6 - 2. Suppose 0 = i*l - 3*c - 67, 90 = -l + 6*l - 5*c. Suppose l*y - 185 = 8*y. What is the units digit of y?
7
Suppose -2*k - 4*z - 21 - 229 = 0, -5*k - 580 = z. Let c = 196 + k. What is the tens digit of c?
8
Suppose 11*q - 14*q + 1335 = 0. Suppose 5*n = 2*a - 213 - 202, -2*a + q = 5*n. What is the units digit of a?
5
Let y(t) = 41*t**3 - 30*t**2 + 158*t + 7. What is the units digit of y(6)?
1
Let g be -45 - -3*30/18. What is the hundreds digit of g/3*((-819)/(-6))/(-7)?
2
What is the thousands digit of (48860/(-350))/(1 - (-1624)/(-1620))?
6
Suppose -3*m = -5*q - 189, -2*q + 5*m = 4 + 64. What is the units digit of (-65624)/q - (-1 - 4/(-6))?
3
Suppose -266 = -2*n - 2*w, -683 = -5*n + 4*w - 0*w. What is the units digit of n/(-54)*(-1122)/15?
7
What is the units digit of (56/12)/(56/63)*(-28096)/(-6)?
4
Let f = 52 + -56. Let k(t) = 27*t**2 + 8*t + 9. What is the tens digit of k(f)?
0
What is the units digit of 6289 - 56/(-2)*28/(-112)?
2
Let x be (20 - 6)*((-123)/6 + 0). Let k = -264 - x. What is the units digit of k?
3
Let c(w) = 5*w**2 - 14*w - 72. Let j be c(-8). Suppose 6*m + j = 2250. What is the hundreds digit of m?
3
Let v = -5916 + 13672. What is the thousands digit of v?
7
Let r be ((-468)/(-91))/(6/280). Let n = r + 523. What is the hundreds digit of n?
7
Let n be (-2 - -3) + -5 - -43. Suppose n = p - 67. Let z = 158 - p. What is the units digit of z?
2
Let h(w) be the first derivative of w**4/2 - 2*w**3/3 + 36. Let a be h(1). Suppose 0*x + 2*s - 516 = -2*x, -5*x - 3*s + 1294 = a. What is the units digit of x?
0
Suppose 13*z - 25*z = -7368. Suppose -4*i + z = -1894. What is the units digit of i?
7
Let b(h) = 174*h**2 + 101*h + 6